 a composite number?
False
Is 18671 a prime number?
True
Is 14779841 prime?
True
Is 42340066 composite?
True
Is 459829 prime?
True
Is 6004601 a composite number?
False
Is 119931629 a composite number?
True
Is 10918279 a prime number?
True
Is 11777629 a composite number?
False
Is 3061709 a prime number?
False
Is 11001401 a composite number?
True
Is 84108971 prime?
True
Is 12984611 a composite number?
False
Is 2422513 a prime number?
True
Is 83190117 composite?
True
Is 803417 a composite number?
False
Is 237841987 a prime number?
False
Is 3702791 prime?
True
Is 19957229 prime?
False
Is 18330271 prime?
True
Is 11731409 prime?
True
Is 7185229 a prime number?
False
Is 259917389 composite?
False
Is 1049039 a prime number?
True
Is 9164917 a prime number?
True
Is 346033 a prime number?
False
Is 2771147 prime?
True
Is 594179 a prime number?
True
Is 6467753 prime?
True
Is 37027097 a prime number?
False
Is 999253 prime?
False
Is 1227241 prime?
True
Is 61309 composite?
True
Is 1580082541 prime?
False
Is 82487219 composite?
True
Is 7569035 a composite number?
True
Is 369183461 a composite number?
False
Is 25318717 composite?
True
Is 4457333 composite?
True
Is 56634833 a composite number?
True
Is 10571591 a prime number?
True
Is 548592743 composite?
False
Is 67549499 composite?
False
Is 18677369 composite?
False
Is 222961841 prime?
True
Is 2518181 a composite number?
False
Is 25791599 prime?
False
Is 1089503383 a composite number?
False
Is 9312067 a prime number?
True
Is 673321 a composite number?
True
Is 39867991 composite?
True
Is 2129813 prime?
False
Is 335339 a composite number?
True
Is 91244489 a prime number?
False
Is 16678569 a composite number?
True
Is 929489 composite?
True
Is 319027 composite?
False
Is 5510831 a prime number?
False
Is 23892503 a composite number?
False
Is 262069 a composite number?
False
Is 110882579 composite?
False
Is 25506209 a composite number?
True
Is 3016789 a prime number?
False
Is 2716743 prime?
False
Is 8395847 a composite number?
False
Is 81893 prime?
False
Is 3615979 a composite number?
True
Is 908691679 a composite number?
True
Is 15897305 a composite number?
True
Is 50217313 a composite number?
True
Is 7245851 a composite number?
True
Is 3183067 prime?
True
Is 5952613 prime?
True
Is 829789 composite?
False
Is 32346887 a composite number?
True
Is 5631569 a composite number?
False
Is 24573443 composite?
False
Is 15354811 a prime number?
True
Is 116828117 a prime number?
False
Is 5704709 composite?
False
Is 67439 a composite number?
True
Is 1652993 a prime number?
True
Is 15548723 a composite number?
True
Is 97771 a prime number?
True
Is 887039 a prime number?
False
Is 576113 prime?
False
Is 1114499 prime?
False
Is 111945413 composite?
False
Is 29842561 prime?
False
Is 305288513 prime?
False
Is 16715693 prime?
True
Is 604271683 prime?
True
Is 15628231 a prime number?
True
Is 459757509 a composite number?
True
Is 31432661 a prime number?
False
Is 1550069 prime?
True
Is 186162683 prime?
False
Is 26270831 a composite number?
True
Is 3207049 a prime number?
False
Is 53507611 a composite number?
True
Is 7298373 a prime number?
False
Is 1290013 a composite number?
False
Is 2475427 a prime number?
True
Is 134136347 a prime number?
True
Is 1322113 composite?
True
Is 9286559 a composite number?
False
Is 112945699 a prime number?
False
Is 33188033 prime?
True
Is 1099334 a composite number?
True
Is 593686 a prime number?
False
Is 2232361 prime?
False
Is 1486453 a composite number?
True
Is 3923729 prime?
False
Is 42088463 prime?
True
Is 4383557 a prime number?
False
Is 171421823 a composite number?
True
Is 4211981 prime?
True
Is 24672553 prime?
False
Is 392208277 a prime number?
False
Is 88626221 composite?
True
Is 23678311 a composite number?
False
Is 33228887 prime?
False
Is 181560683 prime?
True
Is 2203629 a composite number?
True
Is 488149313 a composite number?
False
Is 14432965 a composite number?
True
Is 106730751 a composite number?
True
Is 20573503 a prime number?
True
Is 200971 prime?
True
Is 895387643 a composite number?
True
Is 47432293 composite?
False
Is 157950509 prime?
True
Is 423128063 a composite number?
False
Is 8073071 prime?
False
Is 473449729 a prime number?
True
Is 332255177 prime?
True
Is 94447627 a prime number?
True
Is 385501 a prime number?
True
Is 2750431 a composite number?
False
Is 7807273 composite?
False
Is 16480433 a composite number?
False
Is 23517379 a composite number?
False
Is 14504863 prime?
True
Is 236449 a prime number?
True
Is 24148207 composite?
True
Is 90113 a prime number?
False
Is 67345409 prime?
True
Is 460463 composite?
False
Is 202277 a composite number?
False
Is 59236763 prime?
False
Is 104297351 prime?
True
Is 5652067 composite?
False
Is 7382171 prime?
True
Is 440417 composite?
True
Is 74791 a prime number?
False
Is 180794737 composite?
True
Is 2391583 composite?
False
Is 65668867 prime?
False
Is 70633634 composite?
True
Is 26285521 a composite number?
False
Is 30280027 a prime number?
True
Is 290672609 composite?
False
Is 1538899 prime?
False
Is 10538501 a composite number?
True
Is 109859041 a prime number?
False
Is 686395783 a composite number?
False
Is 331884997 prime?
True
Is 5996311 a composite number?
False
Is 376418993 prime?
True
Is 309067 composite?
True
Is 1010435 a composite number?
True
Is 4931957 a composite number?
False
Is 12556715 a prime number?
False
Is 17429609 a prime number?
False
Is 84328609 a composite number?
False
Is 7256407 composite?
True
Is 4015759 a composite number?
True
Is 888353 composite?
True
Is 23028007 composite?
False
Is 56896453 a composite number?
True
Is 19129633 composite?
False
Is 9755479 prime?
True
Is 62136733 composite?
False
Is 798607 prime?
False
Is 69445829 prime?
False
Is 51967633 prime?
True
Is 15949081 a prime number?
True
Is 17486753 a composite number?
False
Is 82010573 a composite number?
True
Is 323369 a prime number?
True
Is 10072633 composite?
True
Is 2638403 prime?
True
Is 91938707 a composite number?
True
Is 64683401 a prime number?
True
Is 444087781 a composite number?
False
Is 5062883 a composite number?
True
Is 3629357 a composite number?
False
Is 171802909 a composite number?
True
Is 1457441 a prime number?
False
Is 6840557 a composite number?
False
Is 11062709 prime?
False
Is 447401 a prime number?
True
Is 32774267 composite?
True
Is 6262027 composite?
False
Is 10037003 a composite number?
False
Is 153401791 composite?
False
Is 5629823 a composite number?
False
Is 7404779 a composite number?
False
Is 497705657 prime?
True
Is 1455791693 a composite number?
True
Is 59986393 composite?
False
Is 25031 prime?
True
Is 16804351 a prime number?
False
Is 26719663 a prime number?
True
Is 46391 prime?
False
Is 929036743 prime?
True
Is 1341631345 prime?
False
Is 5571271 composite?
False
Is 12716897 a composite number?
False
Is 5024119 a composite number?
True
Is 869318 composite?
True
Is 194159563 a composite number?
True
Is 101082749 a composite number?
False
Is 58925597 composite?
False
Is 14067077 prime?
False
Is 3498557 prime?
True
Is 555461 composite?
False
Is 61020767 a prime number?
False
Is 711913 a composite number?
False
Is 135277937 a prime number?
True
Is 3151747 a composite number?
True
Is 2293099 a prime number?
False
Is 2258441 a prime number?
False
Is 7797227 composite?
False
Is 3455261 a composite number?
True
Is 4104103 prime?
True
Is 60687127 a composite number?
True
Is 3416509 prime?
True
Is 1767593 a prime number?
True
Is 511957 a prime number?
False
Is 106306769 a prime number?
True
Is 526871 a prime number?
True
Is 109956467 prime?
True
Is 23542429 a prime number?
True
Is 32167 a prime number?
False
Is 4648543 prime?
False
Is 861797 a composite number?
False
Is 163608989 prime?
True
Is 7379327 a composite number?
False
Is 8512523 composite?
False
Is 21079621 prime?
True
Is 132102731 composite?
True
Is 1240622 composite?
True
Is 2286769 prime?
False
Is 82157323 a prime number?
False
Is 46300847 a prime number?
False
Is 41769215 a prime number?
False
Is 136611005 a prime number?
False
Is 26669 composite?
False
Is 113849909 prime?
True
Is 92990813 prime?
True
Is 23611411 a composite number?
True
Is 162971 a prime number?
True
Is 18345851 composite?
True
Is 11642863 a prime number?
True
Is 18305429 composite?